{"id":9245,"date":"2017-04-26T10:20:16","date_gmt":"2017-04-26T10:20:16","guid":{"rendered":"http:\/\/maison.edge-themes.com\/?page_id=9245"},"modified":"2025-05-27T07:18:10","modified_gmt":"2025-05-27T07:18:10","slug":"kalusteet","status":"publish","type":"page","link":"https:\/\/www.presson.fi\/index.php\/kalusteet\/","title":{"rendered":"Kalusteet"},"content":{"rendered":"<div class=\"wpb-content-wrapper\"><p>[vc_row][vc_column][vc_empty_space][\/vc_column][\/vc_row][vc_row row_content_width=&#8221;grid&#8221; content_text_aligment=&#8221;center&#8221; css=&#8221;.vc_custom_1748330165693{padding-top: 40px !important;padding-bottom: 40px !important;}&#8221; simple_background_color=&#8221;#f5f5f5&#8243;][vc_column]<div class=\"edgtf-section-title-holder edgtf-st-standard edgtf-st-title-left edgtf-st-normal-space \" style=\"padding: 0 16;text-align: center\">\n\t<div class=\"edgtf-st-inner\">\n\t\t\t\t\t<h5 class=\"edgtf-st-title\" style=\"color: #000000\">\n\t\t\t\tSivujen p\u00e4ivitys k\u00e4ynniss\u00e4\t\t\t<\/h5>\n\t\t\t\t\t\t\t<p class=\"edgtf-st-text\" style=\"color: #000000;font-size: 16px;line-height: 30px;margin-top: 19px\">\n\t\t\t\tPressonin kalustekatalogiin:\t\t\t<\/p>\n\t\t\t<\/div>\n<\/div><a itemprop=\"url\" href=\"https:\/\/catalog.presson.fi\" target=\"_blank\" style=\"margin: 10px 5px 10px 5px\" class=\"edgtf-btn edgtf-btn-medium edgtf-btn-outline\"  >\n    <span class=\"edgtf-btn-text\">https:\/\/catalog.presson.fi<\/span>\n    <\/a>[\/vc_column][\/vc_row][vc_row][vc_column][vc_empty_space][\/vc_column][\/vc_row][vc_row full_height=&#8221;yes&#8221; equal_height=&#8221;yes&#8221;][vc_column width=&#8221;1\/2&#8243; offset=&#8221;vc_col-lg-6 vc_col-md-12&#8243; css=&#8221;.vc_custom_1731677387738{padding-top: 0px !important;padding-right: 0px !important;padding-bottom: 0px !important;padding-left: 0px !important;}&#8221;]<div class=\"edgtf-ss-holder edgtf-ss-image-right \">\n\t<div class=\"edgtf-ss-image\" style=\"background-image: url(https:\/\/www.presson.fi\/wp-content\/uploads\/2024\/11\/Presson_PodiumW1000_custom.jpeg)\">\n\t\t<img loading=\"lazy\" decoding=\"async\" width=\"800\" height=\"800\" src=\"https:\/\/www.presson.fi\/wp-content\/uploads\/2024\/11\/Presson_PodiumW1000_custom.jpeg\" class=\"attachment-full size-full\" alt=\"Presson Oy Podium+ - Esityskaluste custom viimeistely\" srcset=\"https:\/\/www.presson.fi\/wp-content\/uploads\/2024\/11\/Presson_PodiumW1000_custom.jpeg 800w, https:\/\/www.presson.fi\/wp-content\/uploads\/2024\/11\/Presson_PodiumW1000_custom-300x300.jpeg 300w, https:\/\/www.presson.fi\/wp-content\/uploads\/2024\/11\/Presson_PodiumW1000_custom-150x150.jpeg 150w, https:\/\/www.presson.fi\/wp-content\/uploads\/2024\/11\/Presson_PodiumW1000_custom-768x768.jpeg 768w, https:\/\/www.presson.fi\/wp-content\/uploads\/2024\/11\/Presson_PodiumW1000_custom-550x550.jpeg 550w, https:\/\/www.presson.fi\/wp-content\/uploads\/2024\/11\/Presson_PodiumW1000_custom-600x600.jpeg 600w, https:\/\/www.presson.fi\/wp-content\/uploads\/2024\/11\/Presson_PodiumW1000_custom-100x100.jpeg 100w\" sizes=\"auto, (max-width: 800px) 100vw, 800px\" \/>\t<\/div>\n\t<div class=\"edgtf-ss-content\" >\n\t\t\t\t\t<h4 class=\"edgtf-ss-title\" >Esityskalusteet<\/h4>\n\t\t\t\t\t\t\t<p class=\"edgtf-ss-text\" style=\"margin-top: 10px;margin-bottom: 10px\">Presson esityskalusteet helpottavat tilan k\u00e4ytett\u00e4vyytt\u00e4, niiden ansiosta tila pysyy siistin\u00e4 ja tilan k\u00e4ytt\u00f6aste paranee.<\/p>\n\t\t\t\t\t\t\t<a itemprop=\"url\" href=\"https:\/\/www.presson.fi\/index.php\/kalusteet\/esityskalusteet\/\" target=\"_self\" style=\"color: #ffffff;background-color: #333333;border-color: #333333\" class=\"edgtf-btn edgtf-btn-medium edgtf-btn-solid edgtf-ss-link\"  >    <span class=\"edgtf-btn-text\">Lue lis\u00e4\u00e4<\/span>    <\/a>\t\t\t<\/div>\n<\/div><div class=\"edgtf-ss-holder edgtf-ss-image-left \">\n\t<div class=\"edgtf-ss-image\" style=\"background-image: url(https:\/\/www.presson.fi\/wp-content\/uploads\/2024\/01\/Presson-AV-kalusteet-Presentation-AV-Rack.jpg)\">\n\t\t<img loading=\"lazy\" decoding=\"async\" width=\"800\" height=\"800\" src=\"https:\/\/www.presson.fi\/wp-content\/uploads\/2024\/01\/Presson-AV-kalusteet-Presentation-AV-Rack.jpg\" class=\"attachment-full size-full\" alt=\"\" srcset=\"https:\/\/www.presson.fi\/wp-content\/uploads\/2024\/01\/Presson-AV-kalusteet-Presentation-AV-Rack.jpg 800w, https:\/\/www.presson.fi\/wp-content\/uploads\/2024\/01\/Presson-AV-kalusteet-Presentation-AV-Rack-300x300.jpg 300w, https:\/\/www.presson.fi\/wp-content\/uploads\/2024\/01\/Presson-AV-kalusteet-Presentation-AV-Rack-150x150.jpg 150w, https:\/\/www.presson.fi\/wp-content\/uploads\/2024\/01\/Presson-AV-kalusteet-Presentation-AV-Rack-768x768.jpg 768w, https:\/\/www.presson.fi\/wp-content\/uploads\/2024\/01\/Presson-AV-kalusteet-Presentation-AV-Rack-550x550.jpg 550w, https:\/\/www.presson.fi\/wp-content\/uploads\/2024\/01\/Presson-AV-kalusteet-Presentation-AV-Rack-600x600.jpg 600w, https:\/\/www.presson.fi\/wp-content\/uploads\/2024\/01\/Presson-AV-kalusteet-Presentation-AV-Rack-100x100.jpg 100w\" sizes=\"auto, (max-width: 800px) 100vw, 800px\" \/>\t<\/div>\n\t<div class=\"edgtf-ss-content\" >\n\t\t\t\t\t<h4 class=\"edgtf-ss-title\" >AV-kalusteet<\/h4>\n\t\t\t\t\t\t\t<p class=\"edgtf-ss-text\" style=\"margin-top: 10px;margin-bottom: 10px\">Presson laitekaapit AV-laitteille, mikrofoneille, kaiuttimille. Customoitavissa sopiviksi tilan muihin kalusteisiin.<\/p>\n\t\t\t\t\t\t\t<a itemprop=\"url\" href=\"https:\/\/www.presson.fi\/index.php\/kalusteet\/av-kalusteet\/\" target=\"_self\" style=\"color: #ffffff;background-color: #333333;border-color: #333333\" class=\"edgtf-btn edgtf-btn-medium edgtf-btn-solid edgtf-ss-link\"  >    <span class=\"edgtf-btn-text\">LUE LIS\u00c4\u00c4<\/span>    <\/a>\t\t\t<\/div>\n<\/div>[\/vc_column][vc_column width=&#8221;1\/2&#8243; css=&#8221;.vc_custom_1731677434436{padding-top: 0px !important;padding-right: 0px !important;padding-bottom: 0px !important;padding-left: 0px !important;}&#8221;]<div class=\"edgtf-ss-holder edgtf-ss-image-right \">\n\t<div class=\"edgtf-ss-image\" style=\"background-image: url(https:\/\/www.presson.fi\/wp-content\/uploads\/2024\/10\/IMG_2667.jpeg)\">\n\t\t<img loading=\"lazy\" decoding=\"async\" width=\"800\" height=\"800\" src=\"https:\/\/www.presson.fi\/wp-content\/uploads\/2024\/10\/IMG_2667.jpeg\" class=\"attachment-full size-full\" alt=\"Presson Oy Cabin - N\u00e4ytt\u00f6kaluste viimeistely viilu\" srcset=\"https:\/\/www.presson.fi\/wp-content\/uploads\/2024\/10\/IMG_2667.jpeg 800w, https:\/\/www.presson.fi\/wp-content\/uploads\/2024\/10\/IMG_2667-300x300.jpeg 300w, https:\/\/www.presson.fi\/wp-content\/uploads\/2024\/10\/IMG_2667-150x150.jpeg 150w, https:\/\/www.presson.fi\/wp-content\/uploads\/2024\/10\/IMG_2667-768x768.jpeg 768w, https:\/\/www.presson.fi\/wp-content\/uploads\/2024\/10\/IMG_2667-550x550.jpeg 550w, https:\/\/www.presson.fi\/wp-content\/uploads\/2024\/10\/IMG_2667-600x600.jpeg 600w, https:\/\/www.presson.fi\/wp-content\/uploads\/2024\/10\/IMG_2667-100x100.jpeg 100w\" sizes=\"auto, (max-width: 800px) 100vw, 800px\" \/>\t<\/div>\n\t<div class=\"edgtf-ss-content\" >\n\t\t\t\t\t<h4 class=\"edgtf-ss-title\" >N\u00c4YTT\u00d6KALUSTEET<\/h4>\n\t\t\t\t\t\t\t<p class=\"edgtf-ss-text\" style=\"margin-top: 10px;margin-bottom: 10px\">Presson n\u00e4ytt\u00f6kalusteet viimeistelev\u00e4t tekniikan asennukset. Kalusteita kiinte\u00e4sti tai liikuteltavina aina 98`` n\u00e4yt\u00f6ille asti.<\/p>\n\t\t\t\t\t\t\t<a itemprop=\"url\" href=\"https:\/\/www.presson.fi\/index.php\/kalusteet\/nayttokalusteet\/\" target=\"_self\" style=\"color: #ffffff;background-color: #333333;border-color: #333333\" class=\"edgtf-btn edgtf-btn-medium edgtf-btn-solid edgtf-ss-link\"  >    <span class=\"edgtf-btn-text\">LUE LIS\u00c4\u00c4<\/span>    <\/a>\t\t\t<\/div>\n<\/div><div class=\"edgtf-ss-holder edgtf-ss-image-left \">\n\t<div class=\"edgtf-ss-image\" style=\"background-image: url(https:\/\/www.presson.fi\/wp-content\/uploads\/2024\/11\/IMG_7743.jpeg)\">\n\t\t<img loading=\"lazy\" decoding=\"async\" width=\"800\" height=\"800\" src=\"https:\/\/www.presson.fi\/wp-content\/uploads\/2024\/11\/IMG_7743.jpeg\" class=\"attachment-full size-full\" alt=\"Presson Oy Conference Table, Micro- Esityskaluste viimeistely tamiiviilu\" srcset=\"https:\/\/www.presson.fi\/wp-content\/uploads\/2024\/11\/IMG_7743.jpeg 800w, https:\/\/www.presson.fi\/wp-content\/uploads\/2024\/11\/IMG_7743-300x300.jpeg 300w, https:\/\/www.presson.fi\/wp-content\/uploads\/2024\/11\/IMG_7743-150x150.jpeg 150w, https:\/\/www.presson.fi\/wp-content\/uploads\/2024\/11\/IMG_7743-768x768.jpeg 768w, https:\/\/www.presson.fi\/wp-content\/uploads\/2024\/11\/IMG_7743-550x550.jpeg 550w, https:\/\/www.presson.fi\/wp-content\/uploads\/2024\/11\/IMG_7743-600x600.jpeg 600w, https:\/\/www.presson.fi\/wp-content\/uploads\/2024\/11\/IMG_7743-100x100.jpeg 100w\" sizes=\"auto, (max-width: 800px) 100vw, 800px\" \/>\t<\/div>\n\t<div class=\"edgtf-ss-content\" >\n\t\t\t\t\t<h4 class=\"edgtf-ss-title\" >P\u00f6yd\u00e4t<\/h4>\n\t\t\t\t\t\t\t<p class=\"edgtf-ss-text\" style=\"margin-top: 10px;margin-bottom: 10px\">Presson p\u00f6yt\u00e4 on aina viimeisen p\u00e4\u00e4lle k\u00e4sity\u00f6n\u00e4 viimeistelty\u00e4, tarkoituksen mukaista, helppok\u00e4yt\u00f6ist\u00e4, pitk\u00e4ik\u00e4ist\u00e4 sek\u00e4 vaivattomasti p\u00e4ivitett\u00e4v\u00e4\u00e4.<\/p>\n\t\t\t\t\t\t\t<a itemprop=\"url\" href=\"https:\/\/www.presson.fi\/index.php\/kalusteet\/poydat\/\" target=\"_self\" style=\"color: #ffffff;background-color: #333333;border-color: #333333\" class=\"edgtf-btn edgtf-btn-medium edgtf-btn-solid edgtf-ss-link\"  >    <span class=\"edgtf-btn-text\">LUE LIS\u00c4\u00c4<\/span>    <\/a>\t\t\t<\/div>\n<\/div>[\/vc_column][\/vc_row][vc_row][vc_column][vc_empty_space][\/vc_column][\/vc_row][vc_row disable_element=&#8221;yes&#8221;][vc_column]<div class=\"edgtf-portfolio-list-holder edgtf-pl-gallery edgtf-pl-big-space edgtf-pl-four-columns edgtf-pl-gallery-slide-from-image-bottom edgtf-skin-light    edgtf-pl-pag-no-pagination     \"  data-type=gallery data-item-type=gallery data-number-of-columns=4 data-space-between-items=big data-number-of-items=8 data-image-proportions=full data-enable-fixed-proportions=no data-enable-image-shadow=no data-tag=avkalusteet data-order-by=date data-order=DESC data-item-style=gallery-slide-from-image-bottom data-overlay-skin=light data-enable-title=yes data-title-tag=h1 data-enable-category=yes data-enable-count-images=yes data-enable-excerpt=no data-excerpt-length=20 data-pagination-type=no-pagination data-filter=no data-filter-order-by=name data-enable-article-animation=no data-portfolio-slider-on=no data-enable-loop=yes data-enable-autoplay=yes data-slider-speed=5000 data-slider-speed-animation=600 data-enable-navigation=yes data-enable-pagination=yes data-max-num-pages=1 data-next-page=2>\n\t\t\n\t<div class=\"edgtf-pl-inner  clearfix\">\n\t\t\n<article class=\"edgtf-pl-item  post-7415 portfolio-item type-portfolio-item status-publish has-post-thumbnail hentry portfolio-category-esityskalusteet portfolio-tag-avkalusteet\">\n    <div class=\"edgtf-pl-item-inner\">\n        <div class=\"edgtf-pli-image \">\n\t\t\t\t<img loading=\"lazy\" decoding=\"async\" width=\"800\" height=\"1013\" src=\"https:\/\/www.presson.fi\/wp-content\/uploads\/2017\/04\/Portfolio_podium.png\" class=\"attachment-full size-full wp-post-image\" alt=\"\" srcset=\"https:\/\/www.presson.fi\/wp-content\/uploads\/2017\/04\/Portfolio_podium.png 800w, https:\/\/www.presson.fi\/wp-content\/uploads\/2017\/04\/Portfolio_podium-600x760.png 600w, https:\/\/www.presson.fi\/wp-content\/uploads\/2017\/04\/Portfolio_podium-237x300.png 237w, https:\/\/www.presson.fi\/wp-content\/uploads\/2017\/04\/Portfolio_podium-768x972.png 768w\" sizes=\"auto, (max-width: 800px) 100vw, 800px\" \/>\t<\/div>\n<div class=\"edgtf-pli-text-holder\">\n\t<div class=\"edgtf-pli-text-wrapper\">\n\t\t<div class=\"edgtf-pli-text\">\n\t\t\t\t<h1 itemprop=\"name\" class=\"edgtf-pli-title entry-title\" >\n\t\tPodium\t<\/h1>\n\t\t\t\n\t\t\t\t\t<div class=\"edgtf-pli-category-holder\">\n\t\t\t\t\t\t\t<a itemprop=\"url\" class=\"edgtf-pli-category\" href=\"https:\/\/www.presson.fi\/index.php\/portfolio-category\/esityskalusteet\/\">ESITYSKALUSTEET<\/a>\n\t\t\t\t\t<\/div>\n\t\t\t\t\n\t\t\t\t\t<\/div>\n\t<\/div>\n<\/div>\n                                <a itemprop=\"url\" class=\"edgtf-pli-link\" data-rel=\"prettyPhoto[rel-gallery-item-7415-26996908]\" href=\"https:\/\/www.presson.fi\/wp-content\/uploads\/2017\/04\/Portfolio_podium.png\" title=\"Podium\"><\/a>\n    \n           <a itemprop=\"url\" data-rel=\"prettyPhoto[rel-gallery-item-7415-26996908]\" href=\"https:\/\/www.presson.fi\/wp-content\/uploads\/2017\/04\/Portfollio_korkea_800x1200px.jpg\" title=\"Podium\"><\/a>\n            <a itemprop=\"url\" data-rel=\"prettyPhoto[rel-gallery-item-7415-26996908]\" href=\"https:\/\/www.presson.fi\/wp-content\/uploads\/2017\/04\/Portfolio_galleria_1300x928.png\" title=\"Podium\"><\/a>\n            <a itemprop=\"url\" data-rel=\"prettyPhoto[rel-gallery-item-7415-26996908]\" href=\"https:\/\/www.presson.fi\/wp-content\/uploads\/2017\/04\/Portfolio_galleria_1300x928-3.png\" title=\"Podium\"><\/a>\n            <a itemprop=\"url\" data-rel=\"prettyPhoto[rel-gallery-item-7415-26996908]\" href=\"https:\/\/www.presson.fi\/wp-content\/uploads\/2017\/04\/Portfolio_galleria_1300x928_podium.jpg\" title=\"Podium\"><\/a>\n            \n    <\/div>\n<\/article>\n<article class=\"edgtf-pl-item  post-7384 portfolio-item type-portfolio-item status-publish has-post-thumbnail hentry portfolio-tag-avkalusteet portfolio-tag-concrete portfolio-tag-detail portfolio-tag-modern\">\n    <div class=\"edgtf-pl-item-inner\">\n        <div class=\"edgtf-pli-image \">\n\t\t\t\t<img loading=\"lazy\" decoding=\"async\" width=\"800\" height=\"1292\" src=\"https:\/\/www.presson.fi\/wp-content\/uploads\/2017\/01\/port-p-img-10.jpg\" class=\"attachment-full size-full wp-post-image\" alt=\"l\" srcset=\"https:\/\/www.presson.fi\/wp-content\/uploads\/2017\/01\/port-p-img-10.jpg 800w, https:\/\/www.presson.fi\/wp-content\/uploads\/2017\/01\/port-p-img-10-600x969.jpg 600w, https:\/\/www.presson.fi\/wp-content\/uploads\/2017\/01\/port-p-img-10-186x300.jpg 186w, https:\/\/www.presson.fi\/wp-content\/uploads\/2017\/01\/port-p-img-10-634x1024.jpg 634w, https:\/\/www.presson.fi\/wp-content\/uploads\/2017\/01\/port-p-img-10-768x1240.jpg 768w\" sizes=\"auto, (max-width: 800px) 100vw, 800px\" \/>\t<\/div>\n<div class=\"edgtf-pli-text-holder\">\n\t<div class=\"edgtf-pli-text-wrapper\">\n\t\t<div class=\"edgtf-pli-text\">\n\t\t\t\t<h1 itemprop=\"name\" class=\"edgtf-pli-title entry-title\" >\n\t\tEntertainment Centre\t<\/h1>\n\t\t\t\n\t\t\t\t\t\t\n\t\t\t\t\t<\/div>\n\t<\/div>\n<\/div>\n                                <a itemprop=\"url\" class=\"edgtf-pli-link\" data-rel=\"prettyPhoto[rel-gallery-item-7384-213526228]\" href=\"https:\/\/www.presson.fi\/wp-content\/uploads\/2017\/01\/port-p-img-10.jpg\" title=\"Entertainment Centre\"><\/a>\n    \n           <a itemprop=\"url\" data-rel=\"prettyPhoto[rel-gallery-item-7384-213526228]\" href=\"https:\/\/www.presson.fi\/wp-content\/uploads\/2016\/12\/port-gallery-3.jpg\" title=\"Entertainment Centre\"><\/a>\n            <a itemprop=\"url\" data-rel=\"prettyPhoto[rel-gallery-item-7384-213526228]\" href=\"https:\/\/www.presson.fi\/wp-content\/uploads\/2016\/12\/port-gallery-2.jpg\" title=\"Entertainment Centre\"><\/a>\n            <a itemprop=\"url\" data-rel=\"prettyPhoto[rel-gallery-item-7384-213526228]\" href=\"https:\/\/www.presson.fi\/wp-content\/uploads\/2016\/12\/port-gallery-1.jpg\" title=\"Entertainment Centre\"><\/a>\n            \n    <\/div>\n<\/article>\t<\/div>\n\t\n\t<\/div>[\/vc_column][\/vc_row][vc_row][vc_column][vc_empty_space][\/vc_column][\/vc_row][vc_row][vc_column][\/vc_column][\/vc_row]<\/p>\n<\/div>","protected":false},"excerpt":{"rendered":"<p>[vc_row][vc_column][vc_empty_space][\/vc_column][\/vc_row][vc_row row_content_width=&#8221;grid&#8221; content_text_aligment=&#8221;center&#8221; css=&#8221;.vc_custom_1748330165693{padding-top: 40px !important;padding-bottom: 40px !important;}&#8221; simple_background_color=&#8221;#f5f5f5&#8243;][vc_column][\/vc_column][\/vc_row][vc_row][vc_column][vc_empty_space][\/vc_column][\/vc_row][vc_row full_height=&#8221;yes&#8221; equal_height=&#8221;yes&#8221;][vc_column width=&#8221;1\/2&#8243; offset=&#8221;vc_col-lg-6 vc_col-md-12&#8243; css=&#8221;.vc_custom_1731677387738{padding-top: 0px !important;padding-right: 0px !important;padding-bottom: 0px !important;padding-left: 0px !important;}&#8221;][\/vc_column][vc_column width=&#8221;1\/2&#8243; css=&#8221;.vc_custom_1731677434436{padding-top: 0px !important;padding-right: 0px !important;padding-bottom: 0px !important;padding-left: 0px !important;}&#8221;][\/vc_column][\/vc_row][vc_row][vc_column][vc_empty_space][\/vc_column][\/vc_row][vc_row disable_element=&#8221;yes&#8221;][vc_column][\/vc_column][\/vc_row][vc_row][vc_column][vc_empty_space][\/vc_column][\/vc_row][vc_row][vc_column][\/vc_column][\/vc_row]<\/p>\n","protected":false},"author":1,"featured_media":0,"parent":0,"menu_order":0,"comment_status":"closed","ping_status":"closed","template":"full-width.php","meta":{"footnotes":""},"class_list":["post-9245","page","type-page","status-publish","hentry"],"_links":{"self":[{"href":"https:\/\/www.presson.fi\/index.php\/wp-json\/wp\/v2\/pages\/9245","targetHints":{"allow":["GET"]}}],"collection":[{"href":"https:\/\/www.presson.fi\/index.php\/wp-json\/wp\/v2\/pages"}],"about":[{"href":"https:\/\/www.presson.fi\/index.php\/wp-json\/wp\/v2\/types\/page"}],"author":[{"embeddable":true,"href":"https:\/\/www.presson.fi\/index.php\/wp-json\/wp\/v2\/users\/1"}],"replies":[{"embeddable":true,"href":"https:\/\/www.presson.fi\/index.php\/wp-json\/wp\/v2\/comments?post=9245"}],"version-history":[{"count":83,"href":"https:\/\/www.presson.fi\/index.php\/wp-json\/wp\/v2\/pages\/9245\/revisions"}],"predecessor-version":[{"id":12990,"href":"https:\/\/www.presson.fi\/index.php\/wp-json\/wp\/v2\/pages\/9245\/revisions\/12990"}],"wp:attachment":[{"href":"https:\/\/www.presson.fi\/index.php\/wp-json\/wp\/v2\/media?parent=9245"}],"curies":[{"name":"wp","href":"https:\/\/api.w.org\/{rel}","templated":true}]}}